+ -27?
92
In base 3, what is -12 - -22102002?
22101220
In base 8, what is -24 - -63?
37
In base 12, what is -3 + 112?
10b
In base 14, what is 39b + -b?
390
In base 11, what is 3983 + -4?
397a
In base 8, what is -2 - 17?
-21
In base 9, what is -4 + 310?
305
In base 15, what is -37b + -2?
-37d
In base 10, what is 5 - -90?
95
In base 10, what is 23 + -5?
18
In base 13, what is -480 - -5?
-478
In base 2, what is 10111101 + 11?
11000000
In base 14, what is 10a - -2?
10c
In base 4, what is 2 - -1032?
1100
In base 3, what is -10 + -200?
-210
In base 2, what is 1 - 10101100?
-10101011
In base 16, what is -4 + 1e?
1a
In base 3, what is 102 + 12?
121
In base 2, what is -1000100000 - -100?
-1000011100
In base 11, what is -2 + 760?
759
In base 14, what is -c2 + -b?
-cd
In base 9, what is -225 + -4?
-230
In base 8, what is -33 + 5?
-26
In base 10, what is -8 + -217?
-225
In base 15, what is -3 + -3b4?
-3b7
In base 14, what is -21c + 4?
-218
In base 11, what is -4 + -194?
-198
In base 12, what is -3 - -2?
-1
In base 3, what is 112110 + -1?
112102
In base 10, what is -2434 - -3?
-2431
In base 3, what is 1 - 201012?
-201011
In base 11, what is -16 - 8?
-23
In base 4, what is -11 + -3023?
-3100
In base 12, what is -3 + -10b?
-112
In base 12, what is 10 + -2b?
-1b
In base 15, what is -822 - -5?
-81c
In base 11, what is -2 + -1a1?
-1a3
In base 5, what is 103 + 34?
142
In base 2, what is -10001000100 + -10001?
-10001010101
In base 6, what is -4 + 1220?
1212
In base 8, what is 44 - 0?
44
In base 14, what is 2 - 2c?
-2a
In base 11, what is -9a + 5?
-95
In base 6, what is -111 + -514?
-1025
In base 13, what is -b2a2 - -4?
-b29b
In base 12, what is -6a - -44?
-26
In base 2, what is 100 + 1010010?
1010110
In base 7, what is -4 - 1450?
-1454
In base 4, what is -3 - 220?
-223
In base 12, what is -1911 + -5?
-1916
In base 12, what is 110 + -8b?
41
In base 3, what is -111 + -2121?
-10002
In base 3, what is -2120102 - 1?
-2120110
In base 3, what is 112201 - 20?
112111
In base 11, what is -1 - -33?
32
In base 12, what is 16b + -1?
16a
In base 6, what is -103041 + 1?
-103040
In base 5, what is 2 - 232?
-230
In base 9, what is -2503 + -16?
-2520
In base 13, what is 3 + c7?
ca
In base 12, what is -20 + -1?
-21
In base 10, what is -730 - 3?
-733
In base 10, what is -12 + -10?
-22
In base 13, what is -235 - 4?
-239
In base 6, what is 230 - 113?
113
In base 7, what is 6 - 302?
-263
In base 9, what is -102 - -20?
-72
In base 13, what is 4 + -185?
-181
In base 12, what is -54 - -1?
-53
In base 12, what is b + -b4?
-a5
In base 12, what is -2 + 103?
101
In base 10, what is 2 + 179?
181
In base 14, what is 3 + -124?
-121
In base 8, what is -61 + -6?
-67
In base 12, what is 1 + 91?
92
In base 14, what is -ac - -7?
-a5
In base 3, what is 2000 + 22?
2022
In base 8, what is -1 + 252?
251
In base 16, what is 4 + -71?
-6d
In base 10, what is 4 + 386?
390
In base 5, what is 114 - -2204?
2323
In base 13, what is 3 + -372?
-36c
In base 8, what is -1 + -246?
-247
In base 15, what is -1 - be?
-c0
In base 15, what is -8d + 0?
-8d
In base 11, what is 115 + -5?
110
In base 8, what is -53526 + -1?
-53527
In base 7, what is 15 - -14?
32
In base 6, what is 4 + -121?
-113
In base 10, what is -4 + -16?
-20
In base 7, what is 15525 - 2?
15523
In base 2, what is -10 - -1011101001?
1011100111
In base 14, what is 2 + -33c?
-33a
In base 2, what is 11111111 - 100100?
11011011
In base 4, what is -21 - -110200?
110113
In base 6, what is -134 - 515?
-1053
In base 8, what is 36 - 157?
-121
In base 13, what is c9 + -3?
c6
In base 15, what is -3a - -3?
-37
In base 6, what is 4 - 15301?
-15253
In base 14, what is -c - b?
-19
In base 11, what is 3 - 106?
-103
In base 10, what is 5 - -1104?
1109
In base 15, what is 5 - -34?
39
In base 2, what is 1 + -1010?
-1001
In base 9, what is -3 + 1306?
1303
In base 2, what is -10 + -10111110?
-11000000
In base 7, what is -3 + 301?
265
In base 15, what is -38 + -a?
-43
In base 7, what is 0 + -10?
-10
In base 10, what is 8 - -14?
22
In base 6, what is -1 - 5152?
-5153
In base 11, what is a6 - -36?
131
In base 2, what is 1 - -11011011010?
11011011011
In base 3, what is 21 + 100112221?
100120012
In base 11, what is 5a1 - 13?
589
In base 12, what is -21 + -216?
-237
In base 8, what is -3 - -342?
337
In base 8, what is 60 + 1?
61
In base 13, what is 0 - -3c?
3c
In base 11, what is 241 - -20?
261
In base 13, what is -107 + 7?
-100
In base 6, what is -4 - -2200?
2152
In base 9, what is 2 + 5256?
5258
In base 13, what is -55 + b?
-47
In base 9, what is 82 + 11?
103
In base 8, what is -70 + 76?
6
In base 9, what is 17 + 8?
26
In base 9, what is 1 + 6?
7
In base 7, what is -2 + 10406?
10404
In base 2, what is 101001011100 + 0?
101001011100
In base 9, what is 1 + -104?
-103
In base 11, what is -10 + 37a?
36a
In base 15, what is -53 - -3?
-50
In base 2, what is -10001000011 + -100?
-10001000111
In base 16, what is -2 - a39?
-a3b
In base 3, what is 0 + -121?
-121
In base 9, what is -3 - 136?
-140
In base 12, what is -1 - -62?
61
In base 5, what is 134 + 10?
144
In base 9, what is 8 - 101?
-82
In base 2, what is -1001 - 1010010?
-1011011
In base 7, what is 5 + -3004?
-2666
In base 15, what is -44 + 13?
-31
In base 8, what is 1 + 1066?
1067
In base 2, what is -10100000101 + 1?
-10100000100
In base 4, what is 332 + -100?
232
In base 8, what is 4 + 211?
215
In base 3, what is 10010 + 10?
10020
In base 11, what is -93 - -47?
-47
In base 12, what is -49 - -1?
-48
In base 6, what is -1 - -201?
200
In base 14, what is -631 - d?
-640
In base 14, what is -5 - -4?
-1
In base 7, what is -4 + 3064?
3060
In base 9, what is 5 + 508?
514
In base 11, what is 628 + -5?
623
In base 4, what is 131 - 1221?
-1030
In base 4, what is 1030 + -11?
1013
In base 15, what is -4 - 71?
-75
In base 10, what is 5 + 64?
69
In base 6, what is -4 - -2252?
2244
In base 5, what is 3 + -343?
-340
In base 5, what is -32 - -22?
-10
In base 8, what is -5 + -1234?
-1241
In base 6, what is -344 + -34?
-422
In base 5, what is -1344 + 10?
-1334
In base 6, what is 11005 - -3?
11012
In base 10, what is -279 + -2?
-281
In base 14, what is 7a - 1?
79
In base 6, what is 203 + -1?
202
In base 12, what is 11a8a + 1?
11a8b
In base 4, what is -11 + -3023?
-3100
In base 8, what is 66004 - 2?
66002
In base 3, what is -12 - 21112?
-21201
In base 3, what is 22 + 1200?
1222
In base 16, what is -3 - 16?
-19
In base 10, what is -12 + 1512?
1500
In base 2, what is -1001111100010 - 100?
-1001111100110
In base 16, what is c - 10?
-4
In base 4, what is -320113 + 2?
-320111
In base 12, what is 374 + 6?
37a
In base 15, what is 0 + -c7b?
-c7b
In base 12, what is -2ab + 2?
-2a9
In base 14, what is 2 + 607?
609
In base 15, what is -3 + 14e?
14b
In base 10, what is 5 + -41?
-36
In base 13, what is 1a - -3?
20
In base 16, what is 4b + 7?
52
In base 12, what is 3 + 172?
175
In base 2, what is -1 - -11010101110?
11010101101
In base 6, what is -3 + -122?
-125
In base 4, what is 301 + 0?
301
In base 10, what is -145 + -3?
-148
In base 16, what is -155 - -4?
-151
In base 9, what is 6 - -13?
20
In base 2, what is -10010100100 - 101?
-10010101001
In base 5, what is 212 + 0?
212
In base 9, what is -101 - -24?
-66
In base 16, what is 67c6 - -2?
67c8
In base 14, what is 7 - 35?
-2c
In base 5, what is -334 + -3?
-342
In base 9, what is -583 - 5?
-588
In base 8, what is -123 + 3?
-120
In base 15, what is b48 - 6?
b42
In base 5, what is -12 + -22?
-34
In base 9, what is -43 + 87?
44
In base 6, what is -5 - 112?
-121
In base 7, what is -13 + 210?
164
In base 7, what is -1 + 33?
32
In base 6, what is -2 + -3032?
-3034
In base 3, what is -11102 + 210?
-10122
In base 16, what is d + 8?
15
In base 7, what is 10 + -23?
-13
In base 14, what is -7d5 - 5?
-7da
In base 10, what is 39762 + -1?
39761
In base 15, what is -e7d + 4?
-e79
In base 15, what is 5 + -249?
-244
In base 16, what is 4 + -b3c?
-b38
In base 4, what is 20102 - -12?
20120
In base 8, what is -1 - 2?
-3
In base 4, what is 2221 + -211?
2010
In base 12, what is 3 + -36?
-33
In base 6, what is 45225 + -3?
45222
In base 6, what is -12 - 0?
-12
In base 5, what is 42302 - 2?
42300
In base 12, what is -3 + -13?
-16
In base 15, what is 40 + 3?
43
In base 10, what is 4 - -622?
626
In base 7, what is -635 + -22?
-660
In base 4